t is the tens digit of 10915527?
2
What is the units digit of 1392562?
2
What is the tens digit of 18387650?
5
What is the hundreds digit of 2410925?
9
What is the units digit of 165526?
6
What is the tens digit of 9268113?
1
What is the thousands digit of 184082?
4
What is the hundreds digit of 372466?
4
What is the hundred thousands digit of 182744?
1
What is the units digit of 676267?
7
What is the hundred thousands digit of 1227672?
2
What is the ten thousands digit of 1276804?
7
What is the ten thousands digit of 776768?
7
What is the millions digit of 14712905?
4
What is the millions digit of 24400370?
4
What is the ten thousands digit of 48701?
4
What is the millions digit of 13732031?
3
What is the thousands digit of 766630?
6
What is the ten thousands digit of 178668?
7
What is the thousands digit of 580629?
0
What is the thousands digit of 345076?
5
What is the hundred thousands digit of 109350?
1
What is the tens digit of 1018486?
8
What is the units digit of 3515758?
8
What is the units digit of 152365?
5
What is the hundreds digit of 10720835?
8
What is the ten thousands digit of 764773?
6
What is the hundreds digit of 177523?
5
What is the ten thousands digit of 12127183?
2
What is the millions digit of 2097202?
2
What is the tens digit of 7306867?
6
What is the hundred thousands digit of 1992709?
9
What is the tens digit of 2680728?
2
What is the thousands digit of 166212?
6
What is the ten thousands digit of 1821790?
2
What is the hundreds digit of 247642?
6
What is the tens digit of 5209027?
2
What is the units digit of 12132952?
2
What is the units digit of 5352029?
9
What is the thousands digit of 1991828?
1
What is the hundred thousands digit of 101161?
1
What is the hundred thousands digit of 524816?
5
What is the tens digit of 4361035?
3
What is the units digit of 330864?
4
What is the tens digit of 4064897?
9
What is the hundreds digit of 772547?
5
What is the ten thousands digit of 10765663?
6
What is the hundred thousands digit of 820977?
8
What is the units digit of 302679?
9
What is the hundreds digit of 245528?
5
What is the ten thousands digit of 10414?
1
What is the millions digit of 3158385?
3
What is the ten thousands digit of 49910?
4
What is the hundred thousands digit of 1298638?
2
What is the hundred thousands digit of 7257372?
2
What is the hundred thousands digit of 1253930?
2
What is the hundreds digit of 716919?
9
What is the tens digit of 964624?
2
What is the hundreds digit of 172995?
9
What is the ten thousands digit of 1904925?
0
What is the thousands digit of 18005323?
5
What is the millions digit of 2750710?
2
What is the thousands digit of 826649?
6
What is the units digit of 1555608?
8
What is the units digit of 1061490?
0
What is the hundreds digit of 1538144?
1
What is the ten thousands digit of 4342799?
4
What is the hundred thousands digit of 2415467?
4
What is the hundred thousands digit of 6497630?
4
What is the hundred thousands digit of 1179999?
1
What is the millions digit of 7912534?
7
What is the ten millions digit of 20937318?
2
What is the ten thousands digit of 225579?
2
What is the thousands digit of 801277?
1
What is the hundred thousands digit of 175343?
1
What is the millions digit of 3036010?
3
What is the ten thousands digit of 19412782?
1
What is the units digit of 401829?
9
What is the units digit of 286295?
5
What is the hundred thousands digit of 19939297?
9
What is the millions digit of 11035837?
1
What is the hundred thousands digit of 2616358?
6
What is the thousands digit of 13299842?
9
What is the units digit of 5266036?
6
What is the hundred thousands digit of 5601839?
6
What is the ten thousands digit of 727292?
2
What is the thousands digit of 2263962?
3
What is the ten thousands digit of 670036?
7
What is the ten thousands digit of 29558550?
5
What is the hundreds digit of 4084694?
6
What is the thousands digit of 362757?
2
What is the hundreds digit of 3363234?
2
What is the units digit of 79696?
6
What is the tens digit of 11957?
5
What is the ten thousands digit of 48282?
4
What is the hundreds digit of 938681?
6
What is the ten thousands digit of 14169773?
6
What is the units digit of 38505068?
8
What is the thousands digit of 297942?
7
What is the hundreds digit of 845080?
0
What is the units digit of 7833?
3
What is the thousands digit of 13150247?
0
What is the hundreds digit of 64202?
2
What is the hundred thousands digit of 2265532?
2
What is the tens digit of 313807?
0
What is the hundreds digit of 639940?
9
What is the ten thousands digit of 143544?
4
What is the hundreds digit of 5303102?
1
What is the hundreds digit of 103915?
9
What is the thousands digit of 23087?
3
What is the thousands digit of 395152?
5
What is the tens digit of 257411?
1
What is the units digit of 56413?
3
What is the hundreds digit of 15126?
1
What is the hundred thousands digit of 446614?
4
What is the tens digit of 289518?
1
What is the hundred thousands digit of 2346859?
3
What is the units digit of 69435?
5
What is the units digit of 2992382?
2
What is the millions digit of 9050148?
9
What is the millions digit of 23800445?
3
What is the thousands digit of 3491292?
1
What is the thousands digit of 8524?
8
What is the thousands digit of 549626?
9
What is the units digit of 21185?
5
What is the thousands digit of 714374?
4
What is the hundreds digit of 372198?
1
What is the tens digit of 1488042?
4
What is the thousands digit of 41410?
1
What is the ten thousands digit of 115746?
1
What is the millions digit of 4512854?
4
What is the tens digit of 293837?
3
What is the thousands digit of 248715?
8
What is the thousands digit of 14890746?
0
What is the units digit of 180553?
3
What is the units digit of 2119452?
2
What is the millions digit of 2758287?
2
What is the thousands digit of 3595436?
5
What is the thousands digit of 235652?
5
What is the tens digit of 11826860?
6
What is the ten thousands digit of 23004713?
0
What is the hundred thousands digit of 3906973?
9
What is the hundred thousands digit of 5547748?
5
What is the hundred thousands digit of 1838210?
8
What is the hundreds digit of 709013?
0
What is the units digit of 251331?
1
What is the tens digit of 192600?
0
What is the millions digit of 15342676?
5
What is the hundreds digit of 4018756?
7
What is the units digit of 1373873?
3
What is the ten thousands digit of 6759169?
5
What is the millions digit of 1188188?
1
What is the ten thousands digit of 16054280?
5
What is the hundred thousands digit of 633862?
6
What is the ten thousands digit of 357231?
5
What is the tens digit of 8956664?
6
What is the thousands digit of 558338?
8
What is the tens digit of 165948?
4
What is the thousands digit of 233376?
3
What is the hundred thousands digit of 123864?
1
What is the hundreds digit of 295583?
5
What is the units digit of 3185911?
1
What is the units digit of 1026598?
8
What is the ten thousands digit of 290416?
9
What is the thousands digit of 6019480?
9
What is the hundreds digit of 41994?
9
What is the hundreds digit of 442228?
2
What is the thousands digit of 20453911?
3
What is the hundreds digit of 3272653?
6
What is the units digit of 828033?
3
What is the hundred thousands digit of 457524?
4
What is the hundreds digit of 19499922?
9
What is the ten thousands digit of 235019?
3
What is the hundreds digit of 639050?
0
What is the ten thousands digit of 647702?
4
What is the thousands digit of 8541273?
1
What is the hundred thousands digit of 1724390?
7
What is the hundred thousands digit of 123969?
1
What is the hundreds digit of 10880900?
9
What is the millions digit of 4985874?
4
What is the tens digit of 9192394?
9
What is the thousands digit of 22896107?
6
What is the units digit of 2260991?
1
What is the tens digit of 181977?
7
What is the units digit of 8625597?
7
What is the thousands digit of 6724?
6
What is the ten thousands digit of 20461?
2
What is the millions digit of 3630605?
3
What is the units digit of 1542702?
2
What is the thousands digit of 302330?
2
What is the thousands digit of 276150?
6
What is the millions digit of 1855264?
1
What is the tens digit of 71621?
2
What is the hundreds digit of 2879235?
2
What is the ten thousands digit of 213512?
1
What is the hundred thousands digit